. Give j(-1).
-67
Let u(b) = 32287*b - 19. What is u(0)?
-19
Let r(v) = 1567*v**2 - 18807*v - 45. Calculate r(12).
-81
Let u(o) = -195*o**2 + 5255*o + 329. Give u(27).
59
Let l(r) = -6068*r - 20575. Calculate l(-3).
-2371
Let b(o) = 1178*o + 8248. Calculate b(-7).
2
Let j(y) = 115*y + 2592. Give j(-21).
177
Let q(w) = -2*w**2 - 37*w + 67. Calculate q(15).
-938
Let x(h) = -2*h**3 + 100*h**2 - 130*h + 1528. Calculate x(49).
-40
Let q(p) = 759*p + 3269. Calculate q(-4).
233
Let x(m) = 60*m**3 - 50*m**2 + 220*m + 26. What is x(4)?
3946
Let a(m) = -232931*m + 11180694. Calculate a(48).
6
Let s(t) = -70*t - 7300. Calculate s(-98).
-440
Let w(v) = 107692*v - 753829. Determine w(7).
15
Let o(b) = -46*b**2 - 1545*b - 11. Determine o(-34).
-657
Let z(v) = v**3 + 20*v**2 - 1371*v - 21645. What is z(-15)?
45
Let w(k) = k**3 - 1081*k**2 - 18701*k + 38427. Calculate w(1098).
-3
Let v(c) = 2*c**2 - 17425*c + 104495. Give v(6).
17
Let m(v) = 3*v**2 + 150*v - 3732. Give m(18).
-60
Let h(y) = 2*y**3 - 158*y**2 + 2579*y - 153. Give h(56).
15
Let i(k) = 464*k + 140198. Calculate i(-302).
70
Let s(d) = -886*d**2 - 6209*d - 46. Calculate s(-7).
3
Let p(u) = -u**3 - 16*u**2 - u + 246. Calculate p(-13).
-248
Let p(z) = -24529*z + 245246. What is p(10)?
-44
Let b(m) = -6*m**2 + 906*m + 791. What is b(152)?
-121
Let b(m) = 3*m**2 + 896*m - 560560. Determine b(308).
0
Let s(p) = 4*p**2 + 61775*p + 370547. Give s(-6).
41
Let x(m) = -2*m**3 + 241*m**2 - 545*m - 5313. Calculate x(118).
-3
Let v(m) = 6910*m - 462973. What is v(67)?
-3
Let g(h) = -2*h**3 + 145*h**2 + 75*h + 21. Calculate g(73).
167
Let b(u) = 68*u + 383. Calculate b(-5).
43
Let j(x) = x**2 - 48800*x - 195208. Give j(-4).
8
Let z(d) = -12*d**2 + 32*d + 36. Determine z(-1).
-8
Let l(d) = d**3 - 403*d**2 - 43785*d - 1476. Determine l(492).
0
Let n(q) = 243*q**2 - 30617*q - 58. Give n(126).
68
Let w(m) = -22996*m - 758468. Determine w(-33).
400
Let r(b) = b**3 - 873*b**2 + 3513*b - 32159. What is r(869)?
-6
Let i(p) = -111*p**3 + 80364*p**2 - 2*p + 1522. Determine i(724).
74
Let a(d) = 157*d - 33124. Give a(202).
-1410
Let x(z) = 47892*z + 622616. Calculate x(-13).
20
Let v(d) = -2*d**2 - 133*d + 4388. Calculate v(24).
44
Let x(p) = -27*p**2 + 8015*p - 32059. Give x(4).
-431
Let a(f) = 64*f**2 + 4164*f + 240. Calculate a(-65).
-20
Let i(b) = 2*b**2 + 972*b + 36494. Determine i(-445).
4
Let q(k) = 729*k + 126088. Give q(-173).
-29
Let u(z) = 2286*z - 187342. What is u(82)?
110
Let n(r) = r**2 - 145*r - 14800. What is n(214)?
-34
Let o(v) = 393*v**2 - 8378*v + 2620. What is o(21)?
-5
Let g(s) = -2*s**3 + 5*s**2 - 55527*s + 222148. What is g(4)?
-8
Let z(u) = -u**3 + 74*u**2 - 1044*u - 46. Determine z(55).
9
Let d(b) = 31*b**2 - 851*b + 2572. Give d(3).
298
Let t(f) = -914968*f - 25619107. Give t(-28).
-3
Let x(o) = -9243*o - 110902. Determine x(-12).
14
Let d(p) = -47*p**2 + 970*p - 4798. Calculate d(12).
74
Let l(w) = -w**3 + 166*w**2 + 1391*w - 53. Determine l(-8).
-45
Let u(w) = -w**3 - 8*w**2 - 30838*w - 92453. Determine u(-3).
16
Let q(k) = -92636*k - 370164. What is q(-4)?
380
Let h(l) = 68*l**3 + l**2 + 28*l - 32. Give h(1).
65
Let n(p) = -p**3 + 32*p**2 - 935*p + 13076. Calculate n(19).
4
Let v(t) = 6*t**2 - 3215*t + 211596. What is v(459)?
-3
Let o(v) = 47*v**2 + 568*v. Calculate o(-12).
-48
Let w(d) = 24*d**2 + 231*d - 4. What is w(-10)?
86
Let z(a) = -2*a**3 - 28*a**2 + 35*a - 157. Give z(-16).
307
Let b(y) = -6*y**2 - 466*y + 442. Give b(-78).
286
Let l(f) = 17884*f + 214637. Calculate l(-12).
29
Let g(m) = m**3 - 29*m**2 - 224*m + 801. Determine g(38).
5285
Let r(n) = 3*n**2 + 2991*n - 3054750. What is r(627)?
-6
Let y(a) = -a**3 - 21*a**2 + 201*a + 4375. What is y(-22)?
437
Let p(h) = -2399*h**2 + 8344*h + 8343. Determine p(-1).
-2400
Let c(w) = -4*w**3 - 2024*w**2 + 87360*w + 1. Give c(-546).
1
Let z(q) = q**3 + 31*q**2 + 408*q + 1383. Determine z(-7).
-297
Let w(g) = -37*g**3 + 3*g**2 + 270*g - 1313. What is w(5)?
-4513
Let p(f) = -4*f**2 + 1527*f - 25851. Give p(364).
-7
Let s(m) = 6*m**3 - 111*m**2 - 18472*m - 48. What is s(-47)?
-1
Let n(k) = 3*k**2 - 256*k - 4024. Give n(98).
-300
Let d(y) = -y**2 - 2553*y + 270815. What is d(102)?
5
Let g(n) = 4*n**3 - 109*n**2 - 47*n - 1034. Give g(28).
2
Let j(l) = 129114*l + 516533. Calculate j(-4).
77
Let z(l) = -l**3 + 708*l**2 - 20349*l + 6102. Calculate z(678).
0
Let s(h) = -2*h**2 - 15*h + 3948. Determine s(-48).
60
Let m(h) = -6*h**3 + 116*h**2 + 21*h - 160. What is m(19)?
961
Let b(r) = -4*r**3 + 217*r**2 + 287*r - 6708. Calculate b(55).
2
Let z(c) = -27*c**2 - 2863*c - 144. Calculate z(-106).
-38
Let y(p) = p**3 + 78*p**2 + 351*p + 5. Determine y(-73).
1027
Let z(w) = -3*w**2 + 113*w + 496. Give z(46).
-654
Let k(b) = 25*b**2 - 555*b - 497. What is k(23)?
-37
Let x(o) = -o**2 + 52*o - 60. Determine x(41).
391
Let f(y) = 5458*y + 1855704. Give f(-340).
-16
Let g(k) = 14*k**3 - 742*k**2 + 16*k - 850. Determine g(53).
-2
Let h(v) = -2469*v + 58734. Give h(24).
-522
Let p(a) = a**3 + 45*a**2 + 274*a + 14714. Determine p(-46).
-6
Let q(k) = 1494*k - 200098. Calculate q(134).
98
Let o(b) = 1314*b + 86021. Give o(-66).
-703
Let i(g) = -51*g + 180. Calculate i(24).
-1044
Let l(s) = 159*s**2 - 10018*s + 185. Determine l(63).
122
Let n(r) = 16*r**2 - 68*r - 354. Give n(5).
-294
Let o(k) = k**2 - 11*k - 950. What is o(-15)?
-560
Let p(m) = 1009*m - 85105. Give p(84).
-349
Let f(w) = -w**3 + 57*w**2 + 3092*w - 111. What is f(-34)?
-43
Let t(n) = -34*n**2 + 16*n - 116. Calculate t(7).
-1670
Let v(o) = -o**3 - 106*o**2 - 207*o - 10601. Give v(-105).
109
Let w(a) = 191397*a + 1531174. What is w(-8)?
-2
Let t(l) = l**3 - 108*l**2 + 101*l + 702. Determine t(107).
60
Let x(o) = -2*o**2 - 51*o + 2177. Determine x(-45).
422
Let f(r) = 170*r**2 - 1491*r - 6014. What is f(-3)?
-11
Let b(h) = -606*h + 3046. Determine b(5).
16
Let b(o) = -2*o**3 + 68*o**2 - 251*o + 8543. Calculate b(34).
9
Let h(t) = -t**3 + 96*t**2 + 117*t - 973. Give h(97).
967
Let n(d) = 16645*d - 232849. Calculate n(14).
181
Let w(i) = -157924*i - 27794624. Calculate w(-176).
0
Let q(d) = 2971*d - 1182451. Determine q(398).
7
Let i(o) = -12295*o + 85646. Calculate i(7).
-419
Let j(c) = 4387372*c + 21936853. What is j(-5)?
-7
Let j(k) = 85*k**2 - 1018*k - 7313. What is j(17)?
-54
Let r(c) = -34*c**3 + 30*c**2 - 138*c + 434. Determine r(3).
-628
Let f(u) = 9*u**2 - 23*u - 604. What is f(13)?
618
Let i(l) = -14*l**3 + 17*l**2 + 119*l + 62. What is i(-2)?
4
Let v(c) = -c**3 + 19*c - 741. Determine v(0).
-741
Let w(p) = 3*p**3 + 12*p**2 - 2*p - 4. Determine w(2).
64
Let z(r) = -4*r**2 + 26429*r + 663231. What is z(-25)?
6
Let z(i) = -i**3 + 40*i**2 - 3452*i + 133118. Calculate z(39).
11
Let m(c) = 4*c**2 - 406*c - 1004. Calculate m(104).
36
Let b(q) = -156*q**2 - 3109*q - 198. Give b(-20).
-418
Let m(d) = -13*d**2 + 597*d - 535. Give m(45).
5
Let j(q) = q**3 - 20*q**2 - 12*q + 950. Determine j(11).
-271
Let a(t) = 7*t**3 - 257*t**2 + 162*t + 541. Give a(36).
-107
Let z(r) = 1153*r - 274064. Calculate z(238).
350
Let c(k) = 14*k**2 + 74*k - 177. Calculate c(-6).
-117
Let r(n) = 88*n + 1379. Give r(-12).
323
Let t(d) = 13077*d**2 + 1176919*d - 1001. What is t(-90)?
-11
Let t(l) = 286*l**2 + 62*l - 26. Calculate t(2).
1242
Let s(y) = -501*y + 8901. Calculate s(26).
-4125
Let o(v) = 1888*v - 351163. Calculate o(186).
5
Let y(o) = 2*o**3 + 63*o**2 + 2898*o - 9309. Determine y(3).
6
Let a(c) = 128*c**2 + 40*c - 61. Calculate a(1).
107
Let m(q) = 892*q + 34782. Determine m(-39).
-6
Let f(v) = -2*v**3 + 28*v**2 - 75*v + 2965. Calculate f(17).
-44
Let s(k) = -k**3 - 47*k**2 - 307*k - 1050. Give s(-40).
30
Let n(a) = -5488*a**2 - 22058*a - 428. Give n(-4).
-4
Let k(i) = 1173*i + 57339. Determine k(-49).
-138
Let y(v) = -409*v**3 - 6*v**2 + 121*v - 117. What is y(1)?
-411
Let j(t) = -t**3 + 661*t**2 + 5457*t + 1000. Determine j(-8).
160
Let z(v) = -51*v - 783. Give z(-14).
-69
Let p(o) = -4*o**3 + 20*o**2 + 159*o - 60. Give p(-9).
3045
Let k(u) = -2*u**2 - 143*u + 562. What is k(0)?
562
Let a(d) = -16*d + 733. Calculate a(26).
317
Let v(h) = -7*h**3 - 49*h**2 + 406*h + 2862. Determine v(-7).
20
Let a(h) = 3890*h - 237284. What is a(61)?
6
Let k(s) = -3*s**2 - 4814*s + 24158. What is k(5)?
13
Let q(f) = -f**3 - 40